14)).
-21
Calculate 13 + -83 - (-7 - (6 - (-6 - -13))).
-64
What is 0 - -8 - 22 - (0 + 10 + -5)?
-19
11 + 7 + (3 - 0) + -12
9
Evaluate 1884 + -1852 - (0 - 43).
75
What is -61 + (125 - (263 - 129))?
-70
Evaluate (-10 - (2 - -45)) + 2 + 3 + -2.
-54
(-109 - (60 - 230)) + -136
-75
Evaluate 16 + (-171 - (15 - 92)).
-78
Evaluate 21 + -1 + -1 - ((151 - 45) + -16).
-71
(-2 - 0) + -1038 + 1083
43
Calculate (-36 - -22) + 10 - (-21 + 3 - -8).
6
What is (-76 + -48 - -63) + 106?
45
Calculate -3 - (-1 - 10) - (-257 + 272).
-7
Calculate 0 + 100 + 4108 + -4237.
-29
Calculate 10 + 3 + -222 + 226 + 100 + (-5 - -1).
113
What is the value of -7 + (-18 - -33) + 52 + 5 + -11?
54
Calculate -3 - (55 - -5) - 3 - (-525 + 512).
-53
Calculate -30 + (-19 - ((-16 - 9) + 15)).
-39
Evaluate (10 - 4 - (0 + 0)) + -18.
-12
Calculate (-3 - 49) + -202 + 236.
-18
What is the value of -9 - (28 - (-16 + (-28 - -13) - -17))?
-51
Calculate 48 - 28 - -49 - (20 - (3 - 0)).
52
What is 45 + (14 + -7 - 1) + (-10 - (12 + -9))?
38
8 - 24 - -23 - (9 - -54 - (-2 + 3))
-55
What is (-4 - (-13 - 1)) + -3 + (-1 - -5)?
11
13 + 11 + -15 + -6 + 18 + -2
19
Evaluate (298 - 321 - (-14 + 0)) + (0 - -10).
1
What is the value of 0 + -7 - (4149 + -4071)?
-85
Calculate (-6 + -59 + 34 - -5) + 44.
18
Evaluate -2 + 7 - ((-12 - -10) + 12 - 19).
14
-30 + (-2 - -33) - 41
-40
Calculate 11 - (32 + (-7 - 8)) - (-3 + -8).
5
-558 - -477 - (-111 + 8)
22
What is -17 + (11 - 11) + 10 - (-2 - 7) - 86?
-84
What is the value of 0 + -2 + (-26 - -50) + (1 - 4)?
19
(7 - 10) + 28 - (-49 - 12)
86
Evaluate 10 + -21 + (47 - ((-7 - 11) + 1)).
53
-11 - ((16 + -26 - 3 - (-7 + -3)) + -51)
43
What is the value of (-32 - (-11 + (-12 - -24))) + (12 - 0)?
-21
What is the value of (-4 - (-9 - (-42 + -7))) + -17 + 18?
-43
What is the value of -25 + 65 + 13 - 68?
-15
Calculate 3 + 121 - (27 + -69 + 52).
114
(-9 + 5 - -11 - 0 - 1 - 14) + 1
-7
What is 58 + -6 - -51 - (17 + (0 - 1))?
87
Calculate (-42 - (-67 - -3)) + -49.
-27
What is the value of (63 - 14 - 77) + (6 + -7 + 7 - -1)?
-21
Calculate (-545 - -625) + 23 + (9 - 6).
106
(-9 - (9 + 3 + 1 + -3) - 9) + -5
-33
What is (-9 - (17 + -16)) + 6 - 30?
-34
Evaluate 1 + -46 + 70 + 83 + -6.
102
What is 4 - -81 - ((0 - -5) + (-5 - 24 - -16))?
93
-20 - (-3 + 13 - (-19 - -23)) - (-1 + 7)
-32
11 + 4 + (-41 + 13 + -13 - 12)
-38
28 + (-13 + 10 - ((-13 - -1) + 9) - 9)
19
What is the value of 33 - 7 - (-31 + -4 + -15 + 34)?
42
Evaluate 39 - -16 - (92 + 5).
-42
What is the value of -9 + 6 + 5 + 14 + -15?
1
What is -109 + 1 + ((49 - (21 - -9)) + -12 - -4)?
-97
Calculate 1 + -1 + -26 - (3046 + -2975).
-97
-36 + (-8 - -62) + -2 + 109
125
Evaluate 4 + 10 + (-1 - -2) - 78 - 9.
-72
Evaluate -44 - -163 - (81 - 7).
45
What is -47 + 54 - -17 - 22?
2
Calculate -43 + (17 - 5 - (5 - 13 - -15)).
-38
What is -10 + 3 + 49 + (12 + -18 - (-3 + 5))?
34
-57 + (65 - 0) + -70
-62
-186 + 192 - (27 + (0 + -3 - (-13 + 14)))
-17
What is (2 - 0 - 33) + (266 - 261)?
-26
-31 - -116 - (58 + 7) - (66 + 1)
-47
What is -78 - (-17 + -48 - -36)?
-49
What is the value of -28 - ((-98 - 2) + 34)?
38
Calculate -28 + 1 + (267 - 239).
1
17 + (0 - -14 - 22 - (3 + -5)) - 10
1
Evaluate 24 + -8 + 10 + -16 - 41.
-31
Evaluate -14 - ((4 - 8 - -7) + 9 + 388 + -397).
-17
What is 3 + -25 + (14 - (-26 - -13))?
5
Evaluate (-343 - -336) + -4 + 1 + (1 - 2) + 36.
25
What is the value of -5 - (6 + (1 - (11 + -14)) - 95 - -13)?
67
What is the value of (97 - (145 + -22)) + 94?
68
Calculate (228 + -244 - (-2 + -27)) + 46 + 0 + 2.
61
What is the value of (-11 - -13) + -2 + (-15 - -12)?
-3
Evaluate (-14 - 1) + (-2 + -3 - (-44 - -113)).
-89
What is the value of 5 + ((-2 - -3) + 16 - 22)?
0
What is the value of -1 - 2 - -10 - 27 - -6 - (2 + 7)?
-23
194 - ((209 - 13) + -107)
105
34 - (29 + (-109 + 11 - -30))
73
Calculate 0 - 2 - (27 - 69 - 7).
47
21 + (0 + 32 - (332 - 290))
11
Calculate 85 + (-40 - 49) - (-43 + (0 - 2)).
41
2 + (-17 - -36) + -2 + 13
32
What is the value of -1 - -14 - (72 + -111 - (-3 - 11))?
38
Evaluate 119 - (1 + 15 - (-91 - -103)).
115
Evaluate -111 - (-85 + -18 + 107).
-115
What is the value of (33 - 1) + (486 - 499) + -47?
-28
(-31 - -9 - 50) + (24 - 1)
-49
What is (3 - -33) + (-2763 - -2692)?
-35
What is 1 + 0 + 1 - (63 + (51 - 81))?
-31
What is -4 + (6 - 10) + -12 + 8 - (5 - 14)?
-3
Evaluate -22 - -3 - (13 + (1 - 8) + -16).
-9
-64 - ((2 - -51) + -77)
-40
-7 + -15 + 4 + 2 + 5 + 74
63
What is the value of -39 - (-76 - 16 - -53)?
0
What is the value of 52 + (-17 - (1 - -13)) + 35?
56
Calculate 53 + -33 + (-21 + 10 - 0).
9
Evaluate (3 - -6) + -19 - (-27 + (42 - 48)).
23
(-62 - -35) + (-22 - -48 - 6)
-7
Calculate -434 - -436 - (-1 + 5) - (-5 + 10).
-7
111 + ((-5 - -2 - -18) + (89 - 110) - 8)
97
-759 + 747 + (37 - 1 - (-6 - -12))
18
(-15 + -10 - 16) + -2
-43
Evaluate (-9 - -73) + (14 + -35 + 21 - 18).
46
Evaluate 16 - (-52 - (-23 - 15)).
30
What is -42 - (9 - -1 - 16 - -24 - 7)?
-53
Calculate 32 + (-65 - -49) + -2.
14
Evaluate 21 + (-20 + 8 - (-27 - (-32 + 20))).
24
-26 - ((-24 - (71 - 6)) + 20)
43
Calculate (59 - (52 + 12)) + -43.
-48
(-11 - 35 - -133) + -37
50
Evaluate 91 + (0 + 12 - (-583 - -613)).
73
Evaluate -64 + 53 + (-40 - -37).
-14
(9 + -36 - 2) + 3 + -38
-64
What is the value of (10 - (7 - (-4 - -2))) + 13 + (1 - 66)?
-51
What is 32 - (28 + 26 + -59 - (-12 - -2))?
27
16 + -1 + 0 - (-6249 - -6250)
14
Evaluate 0 - (4 - 1) - (143 - (345 - 154)).
45
Calculate (-15 + 3 - (-46 + 19)) + 14.
29
(73 + -23 - (4 - (-3 + -3))) + 7 + 12
59
What is the value of (130 - 29 - 83) + 2 + -20?
0
Evaluate -24 + 16 + 43 + -40.
-5
Calculate (33 - (-94 - -150)) + (0 - 11).
-34
Calculate -13 + 9 + (-26 - -4) + 0 + -9.
-35
Evaluate (619 - 582) + (-1 - 3).
33
Evaluate 42 - (5 + (34 - 14)).
17
What is -3 + 2 + 0 + 10 - (-121 - -112 - -25)?
-7
Evaluate 54 - 2 - (270 + -21 + -290).
93
Evaluate -99 + 0 + (329 - 292).
-62
What is -48 + -1 + (2678 - 2660)?
-31
What is -14 + -17 + -20 + 3 + 7?
-41
-12 - ((-1 - -1) + -15) - 6 - -72 - -7
76
0 - (-4 - 2 - (-6 - -3)) - -4
7
What is -27 + (-35 - (-1 + -54))?
-7
(-55 - (16 - 3 - 15) - (-8 + -2)) + -9
-52
Calculate 85 + -12 - (33 + 118).
-78
Evaluate -14 + -67 - -41 - -44.
4
Evaluate (-13 - (-54 - 48)) + -56.
33
What is the value of -10 + (-19 - -49) - 34 - -46?
32
What is 2 - -13 - ((28 - 34) + 20)?
1
What is 36 + -73 + 46 - -1?
10
What is the value of -37 + (-74 - -6) + 102?
-3
What is the value of 35 - (38 - (-33 - -76))?
40
Evaluate (13 - 0) + -2 - (-2027 + 2019).
19
5 + -18 + 9 + (6 - 19) + -13
-30
What is the value of -10 - 39 - (-14 - 60)?
25
What is 0 - 2 - -1 - -39 - (-59 - -60)?
37
Calculate 58 + -27 - 11 - (1 + -9).
28
Calculate (-18 - (-37 + (-21 - -52))) + -42 + 1.
-53
What is the value of ((-65 - -34) + 66 - 13) + -102?
-80
Calculate 0 + -17 - (-3337 - -3399).
-79
Evaluate -28 - -18 - 18 - -14 - 40.
-54
Calculate -13 - (-76 + 87 + 0 + 0 + (6 - 8)).
-22
Calculate 8 - (-11 + 3 + -5 - -53 - 8).
-24
What is the value of -5 + 0 + 18 + (-7 - 3) + -3?
0
Calculate 10 + 3 + 5 - (-565 + 483).
100
Evaluate -25 - (-18 + (29 - 6)).
-30
What is -1 + -17 + -77 + 51 + -6 + 32?
-18
What is the value of (5 + -1 - -6) + -30 + (33 - 3)?
10
What is -4217 + 4236 - (-1 - 1 - -4)?
17
What is the value of -6 + -1 + (7 + -4 + 84 - (-143 + 128))?
95
Calculate -28 + 4 + (84 - 31).
29
What is 463 + -490 - (-12 + 36)?
-51
(60 - (-39 + 107)) + 125
117
What is 436 - 415 - (-17 - 1) - (2 + 7 + -3)?
33
What is the value of (-7 - (-7 + 2) - 9) + (-97 - -59) + 135?
86
What is the value of -12 + 9 + -8 + 45?
34
What is 43 - 9 - (-35 - -6)?
63
What is the value of -42 + 6 + (5 - 0) + 2 + 9 + -31?
-51
What is the value of -4 - 4 - ((-15 - -41) + -44) - -25?
35
Calculate (-17 - -97 - 46) + -16.
18
Calculate -23 + 0 - (-19 + 40 + -26).
-18
Evaluate (-6 - 25) + 32 - (-8 + -56).
65
Evaluate 6 + -18 - -45 - -13 - 24.
22
What is (273 - 295 - (-12 + -2)) + 4 + (-7 - 11)?
-22
Evaluate -14 - ((9 + -14 - 13) + 15 - 0) - -14.
3
-17 - (-64 - 6) - 5
48
Evaluate -104 - 0 - (77 - 27 - 19 - 30).
-105
What is 7 - ((71 - 52) + -49)?
37
What is (-2 + -19 - (53 + -67)) + -15?
-22
Evaluate 71 - (9 - (-24 + -12 - -26)).
52
Evaluate -18 + (-29 - -1) + (-83 - -127).
-2
(-4 - 5) + -32 + 1 + -1
-41
Calculate 49 - ((-22 - -35) + 6).
30
What is the value of 62 + (18 - (-17 - (-26 -